er when y(-5) is divided by k?
5
Let f = 327 - 176. Calculate the remainder when f is divided by 38.
37
Suppose -70 = -4*s - s. Suppose -32 + 12 = -2*g - 4*q, -3*g - 5*q + 27 = 0. What is the remainder when s is divided by g?
2
What is the remainder when 1 - -2 - (4/4 - 27) is divided by 15?
14
Suppose -4*u + 3*o = -25, -3*u + 39 = 2*o + 16. Calculate the remainder when 11 is divided by u.
4
Let w(z) = z**2 + 16*z + 14. Let r be w(-12). Let y = r + 60. What is the remainder when y is divided by 9?
8
Let o be (-1 - 0) + 3 - -2. Let h(p) = p**3 - 3*p**2 + 2*p + 3. Calculate the remainder when h(o) is divided by 7.
6
Let r(h) = -h**2 - 23*h - 12. Calculate the remainder when r(-16) is divided by 17.
15
Suppose 11 = 2*l - 11. Let u = 11 + 1. Suppose -a - 3 = 0, f + u = 3*a + 51. What is the remainder when f is divided by l?
8
Suppose 29 = 4*t - b, -5*b - 38 = -5*t - 13. What is the remainder when 30 is divided by t?
6
Calculate the remainder when -3 + 75/1 + 3 is divided by 13.
10
Let j be 2 + -2 + (-60)/(-6). Suppose 0 = u - j - 9. What is the remainder when 55 is divided by u?
17
Let h(g) = g + 5. Let w be h(-5). Suppose 3*i + 42 = -3*s, w = -s - 5*i - 37 + 3. What is the remainder when 4 is divided by -2*(0 + s/6)?
1
Let q = -49 + 153. Let o = q - 73. Calculate the remainder when o is divided by 8.
7
Suppose -j + 1 + 10 = 0. Calculate the remainder when 43 is divided by j.
10
Suppose -3*v - 2*f - 49 = 0, -v + 2*f - 17 = 3*f. Let d = v - -39. What is the remainder when d is divided by 221/(-34)*(1 - 1 - 2)?
11
Let r be (-12)/(-20)*10/2. Let l(k) = -3*k - 4 - k + 4*k**2 - r*k**2. Calculate the remainder when 49 is divided by l(-3).
15
Calculate the remainder when 76 is divided by 2*8/((-3)/(-3)).
12
Suppose 234 = 5*w + w. Calculate the remainder when w is divided by 21.
18
Suppose 4*q = 3*q + 16. Calculate the remainder when 62 is divided by q.
14
Let x = 11 + 0. Let m be ((-8)/(-12))/((-2)/(-63)). Let j = -15 + m. What is the remainder when x is divided by j?
5
Suppose -4*u + 3*r - 14 = 0, 2*u + 5*r = -2 + 8. Calculate the remainder when -1*(-4)/u + 44 is divided by 11.
9
Let n(i) = i**2 + 7*i. Let s(h) = -h + 4. Let v be s(7). Let l be n(v). Calculate the remainder when 22 is divided by (-20)/(-3)*l/(-10).
6
Calculate the remainder when 0*6/36 + 82 is divided by 11.
5
Let y(l) = -l**2 + l + 4. Let f be y(0). Let c be 2/f - (-62)/4. Suppose -2 = 2*o - c. Calculate the remainder when o is divided by 2.
1
Calculate the remainder when -4*(385/(-10) + -1) is divided by 40.
38
Suppose 0*d - 98 = -5*l - d, 5*l - d - 102 = 0. Calculate the remainder when l is divided by 6.
2
Suppose 2*i + 60 = 7*i. Let u = -419 - -424. Calculate the remainder when i is divided by u.
2
Let b = 6 - 8. Calculate the remainder when (-189)/(-6) - b/(-4) is divided by 11.
9
Suppose -5*k + 31 = -39. Let m = 4 + k. Calculate the remainder when 34 is divided by m.
16
Suppose n = -2*f + f + 9, 0 = -4*f - 5*n + 41. Suppose -l + 8 = m, 2*l = -f*m + 4 + 20. What is the remainder when 15 is divided by l?
3
Suppose 2*h = -0*h + 10. Suppose -3*s - 3*c = -7*s + 94, -h*s + 4*c + 118 = 0. Calculate the remainder when s is divided by 8.
6
Suppose 3 = -3*r + 6, -2*r = -2*z + 12. Calculate the remainder when 36 is divided by z.
1
Let x be (-113)/3 - 3/9. Calculate the remainder when (3 - 1)/2 - x is divided by 10.
9
Let z(f) = -f**3 - 2*f**2 - 2*f - 3. Let a be z(-2). Let p(k) = 12*k**2 - k. What is the remainder when p(a) is divided by 7?
4
Let n = 10 + 10. Let x be (-1 + (-47)/2)*-2. Suppose -65 - 120 = -5*a + 2*u, 0 = a + 2*u - x. Calculate the remainder when a is divided by n.
19
Let m(w) = 4*w + 13. Let x(n) = -5*n - 14. Let d(h) = 6*m(h) + 5*x(h). Calculate the remainder when 3 is divided by d(6).
1
Suppose -9*l - 13 + 265 = 0. What is the remainder when 52 is divided by l?
24
Let w be 10/(-35) + (-18)/(-14). Let x(u) = 5*u + 0 + 0. Calculate the remainder when 14 is divided by x(w).
4
Suppose 0 = 23*q - 22*q - 42. What is the remainder when q is divided by 16?
10
Suppose -3*c + 20 = -22. Suppose -t = -2*t + 5*q + c, 3*t - 22 = 5*q. Calculate the remainder when (10/4)/(t/24) is divided by 8.
7
Suppose -4 = 5*o - 19. Suppose o*z - 12 = -z. Suppose 0 = 5*l + 5*p, z*p + 4 = -l + p. What is the remainder when 11 is divided by l?
3
Let l be 4*(-2 - (-6)/2). Suppose -d = -0 - l. Calculate the remainder when 30/d*(-60)/(-9) is divided by 17.
16
Let o = 18 + -15. Suppose o*b - 10 = -2*z, 2*z + 0*b + 4*b - 12 = 0. What is the remainder when z is divided by 1?
0
Suppose 0 = -9*g + 13*g - 32. What is the remainder when 30 is divided by g?
6
Suppose 0*i - 5*i + 110 = 0. Suppose -4*g = -2*g - w - i, 27 = 3*g - 3*w. What is the remainder when g is divided by -4*(-5)/20 + (-12)/(-3)?
3
Let n = 41 - -27. Let s = 105 - n. Calculate the remainder when s is divided by 20.
17
What is the remainder when 26 is divided by -4 + (11 - (-9)/3)?
6
Let x = -37 + 99. What is the remainder when x is divided by 21?
20
Suppose -11 = -h + 3*j, 0*h - 2*h = 3*j + 5. Suppose -n + 33 = h*n + 2*l, 0 = -2*n - 3*l + 17. Let o = 2 + n. What is the remainder when o is divided by 8?
7
Suppose -3*q - 3*i + 7 = -2*q, -3*q + 5*i = -35. Calculate the remainder when 26 is divided by q.
6
Let b = -31 + 44. Let y = 21 - b. Calculate the remainder when 14 is divided by y.
6
Let o be (2/5 + 0)*5. Suppose 9 = -o*f + f. Let u(l) = -l**2 - 10*l - 1. What is the remainder when u(f) is divided by 5?
3
Let b be (8/(-10))/((-5)/550). Let a(m) = m**3 - 5*m**2 - 4*m - 4. What is the remainder when 1248/b - (-2)/(-11) is divided by a(6)?
6
Suppose -3*b + 7 = 1, 4*t = 5*b + 6. Let z(m) = 4*m + 1. Calculate the remainder when z(t) is divided by 9.
8
Let x = -1 + 5. Suppose x*p - 3*y - 7 = 30, p + 7 = 4*y. Let o(b) = -b**3 + 2*b**2 + 4*b - 3. What is the remainder when p is divided by o(2)?
3
Suppose 6 = 3*l - x - 2, 2*l + 2*x = 8. Let b(r) = -2 + l - r + 4. Calculate the remainder when 5 is divided by b(3).
1
Let l(t) = t**2 - 3*t + 3. Let p be l(5). Suppose -p = -u - 0. Let j = -58 + 96. Calculate the remainder when j is divided by u.
12
Let l = 2 - -46. Suppose -18 = -o + 3*t, 4*o + t = 5*t + l. Calculate the remainder when 25 is divided by o.
7
What is the remainder when 27 is divided by (-5)/(-30) + 236/24?
7
Let i(h) be the first derivative of h**4/4 + 8*h**3/3 - h**2 + 10*h - 1. Calculate the remainder when i(-7) is divided by 19.
16
Let w(a) = -a**2 - 9*a + 67. What is the remainder when 209 is divided by w(-13)?
14
Suppose -r + 37 = -8. Let n(f) = 11*f + 1. Let v(x) = 6*x. Let l(z) = -3*n(z) + 5*v(z). What is the remainder when r is divided by l(-5)?
9
Suppose -30 = -2*u - 3*m, -2*u + 3*m = -0*u - 42. Calculate the remainder when u is divided by 10.
8
Suppose -3*s - 4*v - 19 = 0, -6*v - 3 = -3*v. Let l(n) = -n + 5. What is the remainder when 39 is divided by l(s)?
9
Calculate the remainder when ((-16)/(-12))/(2/15) is divided by 6.
4
Let z(d) = 2*d**2 + 1. Let j be z(-1). Suppose j*v - v = 18. What is the remainder when 24 is divided by v?
6
Suppose -w + 15 = 2*w + i, -5*i = -15. Suppose 0 = -3*l + b + 44, -3*b = -2*l + b + 26. Calculate the remainder when l is divided by w.
3
Let x be 18/12 + 2/4. Suppose -2 + 12 = x*a. What is the remainder when 1*13 + -1 - -1 is divided by a?
3
Suppose 1 + 5 = -2*k. Let p be 0/(k*1) - -9. Suppose p = 4*l - 11. Calculate the remainder when l is divided by 3.
2
Suppose 5*y = -0*y - 30. Let r be y/(-1)*(-4)/8. What is the remainder when r - 3*15/(-1) is divided by 15?
12
Let y = -125 + 141. Suppose n - 50 = -4*n. Calculate the remainder when 6/(-15) - (-474)/n is divided by y.
15
Let p(j) = -10*j. Let z be p(-1). Suppose 5*f + 0 = z. Suppose -11 = -f*a + 5. Calculate the remainder when a is divided by 3.
2
Let h(u) = 13*u + 5. Calculate the remainder when h(6) is divided by 12.
11
Suppose -5*f = 4*s - 121, s + s = -f + 29. Let g = 25 - 13. What is the remainder when f is divided by g?
9
Let d = -115 - -159. Suppose 44 = 4*w - 16. Calculate the remainder when d is divided by w.
14
Let t(u) = u**3 + 8*u**2 - 5*u + 1. Let c = -8 + 11. Suppose -c*d = -4*d + 14. What is the remainder when t(-8) is divided by d?
13
Calculate the remainder when 86 is divided by (21 - (-4 + 0)) + 4.
28
Let r(j) = -5*j**3 - 4*